{"id":28580,"date":"2022-02-11T11:46:54","date_gmt":"2022-02-11T10:46:54","guid":{"rendered":"https:\/\/museoverde.org\/cosa-facciamo\/"},"modified":"2023-10-24T05:27:51","modified_gmt":"2023-10-24T03:27:51","slug":"que-hacemos","status":"publish","type":"page","link":"https:\/\/museoverde.org\/es\/que-hacemos\/","title":{"rendered":"Que hacemos"},"content":{"rendered":"<h2 style=\"\">QU\u00c9 HACEMOS<\/h2>\n<p style=\"\"><span style=\"font-size: 18px;\">Promovemos la combinaci\u00f3n de medio ambiente y culturas aut\u00f3ctonas como factor de desarrollo sostenible.Creamos una red de peque\u00f1as infraestructuras muse\u00edsticas para recoger los objetos de la memoria ancestral.<\/span><\/p>\n<h2 style=\"color: var(--tcb-skin-color-3)  !important; --tcb-applied-color:var$(--tcb-skin-color-3)  !important;\">El proyecto Museo Verde<\/h2>\n<p style=\"\">El Museo Verde se cre\u00f3 con el objetivo de preservar la memoria y las tradiciones de los pueblos ind\u00edgenas que viven en el Gran Chaco.Esta vasta regi\u00f3n es depositaria de un rico y diverso patrimonio de recursos culturales: textiles, esculturas, pinturas, cer\u00e1micas, murales, tradiciones gastron\u00f3micas, etc.<\/p>\n<h2 style=\"\">El proyecto se propone de:<\/h2>\n<h4 style=\"\">Objetivo 1<\/h4>\n<p style=\"\">Crear lugares de memoria ancestral donde los ind\u00edgenas puedan conservar sus objetos y los visitantes puedan admirarlos.<\/p>\n<h4 style=\"\">Objetivo 2<\/h4>\n<p style=\"line-height: 1.75em !important;\">poner en valor un conjunto de bienes materiales e inmateriales t\u00edpicos del Gran Chaco.<\/p>\n<h4 style=\"\">Objetivo 3<\/h4>\n<p style=\"line-height: 1.75em !important;\">Crear alternativas \u00fatiles para que los j\u00f3venes no abandonen los lugares y las pr\u00e1cticas de su identidad.<\/p>\n<h4 style=\"\">Objetivo 4<\/h4>\n<p style=\"line-height: 1.75em !important;\">Para ello, promover proyectos piloto \u00fatiles para peque\u00f1as actividades artesanales y art\u00edsticas sostenibles, que generen ingresos para las poblaciones originarias.<\/p>\n<p><span style=\"\"><img decoding=\"async\" alt=\"\" data-id=\"26504\" width=\"1160\" data-init-width=\"2048\" height=\"773\" data-init-height=\"1365\" title=\"81376725_10219096624903182_1577481053335977984_o\" src=\"https:\/\/museoverde.org\/wp-content\/uploads\/2022\/03\/81376725_10219096624903182_1577481053335977984_o.jpg\" data-width=\"1160\" data-height=\"773\" loading=\"lazy\" style=\"\" ml-d=\"0\" mt-d=\"-160\" center-v-d=\"false\" mt-t=\"0\" ml-m=\"-184\" center-h-m=\"false\"><\/span><\/p>\n<p>Para lograr estos objetivos, el Museo Verde est\u00e1 trabajando para: sensibilizar e involucrar a investigadores, Instituciones Acad\u00e9micas, Autoridades del Gobierno Central, Asociaciones y ONGs, Organizaciones Internacionales de Italia y de los pa\u00edses del Gran Chaco, empresarios as\u00ed como comunidades ind\u00edgenas interesadas.Para promocionar los recursos del Gran Chaco, se ha puesto en marcha una operaci\u00f3n de branding, es decir, la creaci\u00f3n, de acuerdo con las comunidades ind\u00edgenas, de un logotipo que caracterice los productos: artesan\u00eda, hierbas medicinales, alimentos o bienes inmateriales: teatro, m\u00fasica, danza, que son t\u00edpicos de la regi\u00f3n.<\/p>\n<h2 style=\"text-align: left;\">4 factores principales de desarrollo:<\/h2>\n<h2 style=\"color: var(--tcb-skin-color-2)  !important; --tcb-applied-color:var$(--tcb-skin-color-2)  !important;\">El Pacto por el Gran Chaco<\/h2>\n<p style=\"color: var(--tcb-skin-color-2)  !important; --tcb-applied-color:var$(--tcb-skin-color-2)  !important;\">La cultura aut\u00f3ctona y la naturaleza virgen son un formidable factor de desarrollo sostenible desde el punto de vista socioambiental, pero tambi\u00e9n econ\u00f3mico.Bas\u00e1ndose en este postulado, en PreCop 26, la conferencia internacional sobre el cambio clim\u00e1tico, el Museo Verde lanz\u00f3 el \u00abPacto por el Gran Chaco\u00bb.&nbsp;<\/p>\n<h3 style=\"text-align: left;\">\u00bfQu\u00e9 es el \u00abPacto por el Gran Chaco\u00bb?<\/h3>\n<p>Un programa en el que est\u00e1n llamados a participar organizaciones internacionales, autoridades gubernamentales, organizaciones no gubernamentales, universidades, centros de investigaci\u00f3n y empresas. El Pacto por el Gran Chaco parte de la base de que este territorio es un inmenso contenedor de recursos naturales y culturales, en riesgo de destrucci\u00f3n, que deben ser protegidos y potenciados como formidables factores de desarrollo.Queremos demostrar que una gesti\u00f3n inteligente de los recursos naturales y culturales existentes en el territorio, con una adecuada participaci\u00f3n de las comunidades ind\u00edgenas, puede generar ingresos en un contexto de sostenibilidad. Con la elaboraci\u00f3n y puesta en marcha de proyectos y propuestas concretas para poner en marcha procesos de desarrollo alternativos a la deforestaci\u00f3n, queremos escapar de la dicotom\u00eda conservaci\u00f3n-crecimiento: detener la deforestaci\u00f3n fomentando la econom\u00eda en lugar de sacrificarla.El programa propone una tercera v\u00eda. El bosque posee suficientes recursos naturales para producir rendimientos econ\u00f3micos sin agotar el capital insustituible: los \u00e1rboles.<\/p>\n<p><span style=\"\"><img decoding=\"async\" alt=\"\" data-id=\"27785\" width=\"393\" data-init-width=\"713\" height=\"393\" data-init-height=\"713\" title=\"logo-gran-chaco-trasparente-sqare\" loading=\"lazy\" src=\"https:\/\/museoverde.org\/wp-content\/uploads\/2022\/03\/logo-gran-chaco-trasparente-sqare.png\" data-width=\"393\" data-height=\"393\" style=\"\" mt-d=\"-41\" center-v-d=\"false\" ml-d=\"0\"><\/span><\/p>\n<h1 style=\"\">ARTESANIA<\/h1>\n<p>Arcos, flechas, arte plumario, frescos, pinturas, tejido de fibras vegetales.<\/p>\n<h1 style=\"\">MADERA VALIOSA Y DESIGN<\/h1>\n<p>Los bosques se reducen, su valor aumenta y tiene sentido invertir en su gesti\u00f3n. La l\u00f3gica econ\u00f3mica y las exigencias medioambientales pueden conciliarse.<\/p>\n<h1 style=\"\">LUGARES DE LA MEMORIA IND\u00cdGENA:<\/h1>\n<h1 style=\"\">MUSEOS VERDES<\/h1>\n<p>Hasta ahora se han creado 6 peque\u00f1os museos en 6 comunidades ind\u00edgenas para preservar los testimonios de las antiguas costumbres y tradiciones.<\/p>\n<h1 style=\"\">HERBORISTICA<\/h1>\n<p>115 esencias medicinales crecen en la mata. Los nativos los utilizan para tratar 35 enfermedades<\/p>\n<h1 style=\"\">ECOTURISMO<\/h1>\n<p>Se propone un itinerario por 7 de las 40 etnias del Gran Chaco para descubrir sus ambientes, filosof\u00edas y maneras de vivir.<\/p>\n<h1 style=\"\">DONDE TRABAJAMOS<\/h1>\n<p style=\"\">El Museo Verde tiene contactos con 7 comunidades ind\u00edgenas en 4 pa\u00edses:<\/p>\n<p style=\"\">Paraguay, Argentina, Bolivia y Brasil<\/p>\n<p><span><img decoding=\"async\" alt=\"\" data-id=\"28042\" width=\"533\" data-init-width=\"1813\" height=\"752\" data-init-height=\"2560\" title=\"mappa_musei_verdi\" loading=\"lazy\" src=\"https:\/\/museoverde.org\/wp-content\/uploads\/2022\/04\/mappa_musei_verdi-scaled.jpg\" data-width=\"533\" data-height=\"752\"><\/span><\/p>\n<h4 style=\"\">El Museo Verde tiene contactos con 10 comunidades ind\u00edgenas en 4 pa\u00edses: Paraguay, Argentina, Bolivia y Brasil.&nbsp;<\/h4>\n<ul>\n<li style=\"\"><span style=\"\"><a href=\"https:\/\/museoverde.org\/gran-chaco\/le-popolazioni-originarie\/yshyr-chamacoco\/\" style=\"outline: none;\">Karcha Bahlut, etnia Ishir-Chamacoco (Paraguay)<\/a><\/span><\/li>\n<li style=\"\"><span style=\"\"><a href=\"https:\/\/museoverde.org\/gran-chaco\/le-popolazioni-originarie\/ayoreo\/\" style=\"outline: none;\">Carmelo Peralta, etnia Ayoreo (Paraguay)<\/a><\/span><\/li>\n<li style=\"\"><span style=\"\"><a href=\"https:\/\/museoverde.org\/gran-chaco\/le-popolazioni-originarie\/ache\/\" style=\"outline: none;\">Puerto Barra, etnia Ach\u00e9 (Paraguay)<\/a><\/span><\/li>\n<li style=\"\"><span style=\"\"><a href=\"https:\/\/museoverde.org\/gran-chaco\/le-popolazioni-originarie\/kadiweu\/\" style=\"outline: none;\">Porto Murtinho\/Alves de Barro, etnia Caduveo (Brasile)<\/a><\/span><\/li>\n<li style=\"\"><span style=\"\"><a href=\"https:\/\/museoverde.org\/gran-chaco\/le-popolazioni-originarie\/wichi\/\" style=\"outline: none;\">Nueva Pompeya, etnia Wich\u00ed (Argentina)<\/a><\/span><\/li>\n<li style=\"\"><span style=\"\"><a href=\"https:\/\/museoverde.org\/gran-chaco\/le-popolazioni-originarie\/qom\/\" style=\"outline: none;\">Fortin Lavalle, etnia Qom (Argentina)<\/a><\/span><\/li>\n<li style=\"\"><span style=\"\"><a href=\"https:\/\/museoverde.org\/gran-chaco\/le-popolazioni-originarie\/ava-guarani\/\" style=\"outline: none;\">Charagua, etnia Ava Guaran\u00ed (Bolivia).<\/a><\/span><\/li>\n<\/ul>\n","protected":false},"excerpt":{"rendered":"<p>QU\u00c9 HACEMOS Promovemos la combinaci\u00f3n de medio ambiente y culturas aut\u00f3ctonas como factor de desarrollo sostenible.Creamos una red de peque\u00f1as infraestructuras muse\u00edsticas para recoger los objetos de la memoria ancestral. El proyecto Museo Verde El Museo Verde se cre\u00f3 con el objetivo de preservar la memoria y las tradiciones de los pueblos ind\u00edgenas que viven [&hellip;]<\/p>\n","protected":false},"author":3,"featured_media":0,"parent":0,"menu_order":0,"comment_status":"closed","ping_status":"closed","template":"","meta":{"footnotes":""},"class_list":["post-28580","page","type-page","status-publish","hentry","post-wrapper","thrv_wrapper"],"_links":{"self":[{"href":"https:\/\/museoverde.org\/es\/wp-json\/wp\/v2\/pages\/28580","targetHints":{"allow":["GET"]}}],"collection":[{"href":"https:\/\/museoverde.org\/es\/wp-json\/wp\/v2\/pages"}],"about":[{"href":"https:\/\/museoverde.org\/es\/wp-json\/wp\/v2\/types\/page"}],"author":[{"embeddable":true,"href":"https:\/\/museoverde.org\/es\/wp-json\/wp\/v2\/users\/3"}],"replies":[{"embeddable":true,"href":"https:\/\/museoverde.org\/es\/wp-json\/wp\/v2\/comments?post=28580"}],"version-history":[{"count":23,"href":"https:\/\/museoverde.org\/es\/wp-json\/wp\/v2\/pages\/28580\/revisions"}],"predecessor-version":[{"id":29819,"href":"https:\/\/museoverde.org\/es\/wp-json\/wp\/v2\/pages\/28580\/revisions\/29819"}],"wp:attachment":[{"href":"https:\/\/museoverde.org\/es\/wp-json\/wp\/v2\/media?parent=28580"}],"curies":[{"name":"wp","href":"https:\/\/api.w.org\/{rel}","templated":true}]}}

<h2 style="">QUÉ HACEMOS</h2>
<p style=""><span style="font-size: 18px;">Promovemos la combinación de medio ambiente y culturas autóctonas como factor de desarrollo sostenible.Creamos una red de pequeñas infraestructuras museísticas para recoger los objetos de la memoria ancestral.</span></p>
<h2 style="color: var(--tcb-skin-color-3)  !important; --tcb-applied-color:var$(--tcb-skin-color-3)  !important;">El proyecto Museo Verde</h2>
<p style="">El Museo Verde se creó con el objetivo de preservar la memoria y las tradiciones de los pueblos indígenas que viven en el Gran Chaco.Esta vasta región es depositaria de un rico y diverso patrimonio de recursos culturales: textiles, esculturas, pinturas, cerámicas, murales, tradiciones gastronómicas, etc.</p>
<h2 style="">El proyecto se propone de:</h2>
<h4 style="">Objetivo 1</h4>
<p style="">Crear lugares de memoria ancestral donde los indígenas puedan conservar sus objetos y los visitantes puedan admirarlos.</p>
<h4 style="">Objetivo 2</h4>
<p style="line-height: 1.75em !important;">poner en valor un conjunto de bienes materiales e inmateriales típicos del Gran Chaco.</p>
<h4 style="">Objetivo 3</h4>
<p style="line-height: 1.75em !important;">Crear alternativas útiles para que los jóvenes no abandonen los lugares y las prácticas de su identidad.</p>
<h4 style="">Objetivo 4</h4>
<p style="line-height: 1.75em !important;">Para ello, promover proyectos piloto útiles para pequeñas actividades artesanales y artísticas sostenibles, que generen ingresos para las poblaciones originarias.</p>
<p><span style=""><img decoding="async" alt="" data-id="26504" width="1160" data-init-width="2048" height="773" data-init-height="1365" title="81376725_10219096624903182_1577481053335977984_o" src="https://museoverde.org/wp-content/uploads/2022/03/81376725_10219096624903182_1577481053335977984_o.jpg" data-width="1160" data-height="773" loading="lazy" style="" ml-d="0" mt-d="-160" center-v-d="false" mt-t="0" ml-m="-184" center-h-m="false"></span></p>
<p>Para lograr estos objetivos, el Museo Verde está trabajando para: sensibilizar e involucrar a investigadores, Instituciones Académicas, Autoridades del Gobierno Central, Asociaciones y ONGs, Organizaciones Internacionales de Italia y de los países del Gran Chaco, empresarios así como comunidades indígenas interesadas.Para promocionar los recursos del Gran Chaco, se ha puesto en marcha una operación de branding, es decir, la creación, de acuerdo con las comunidades indígenas, de un logotipo que caracterice los productos: artesanía, hierbas medicinales, alimentos o bienes inmateriales: teatro, música, danza, que son típicos de la región.</p>
<h2 style="text-align: left;">4 factores principales de desarrollo:</h2>
<h2 style="color: var(--tcb-skin-color-2)  !important; --tcb-applied-color:var$(--tcb-skin-color-2)  !important;">El Pacto por el Gran Chaco</h2>
<p style="color: var(--tcb-skin-color-2)  !important; --tcb-applied-color:var$(--tcb-skin-color-2)  !important;">La cultura autóctona y la naturaleza virgen son un formidable factor de desarrollo sostenible desde el punto de vista socioambiental, pero también económico.Basándose en este postulado, en PreCop 26, la conferencia internacional sobre el cambio climático, el Museo Verde lanzó el «Pacto por el Gran Chaco».&nbsp;</p>
<h3 style="text-align: left;">¿Qué es el «Pacto por el Gran Chaco»?</h3>
<p>Un programa en el que están llamados a participar organizaciones internacionales, autoridades gubernamentales, organizaciones no gubernamentales, universidades, centros de investigación y empresas. El Pacto por el Gran Chaco parte de la base de que este territorio es un inmenso contenedor de recursos naturales y culturales, en riesgo de destrucción, que deben ser protegidos y potenciados como formidables factores de desarrollo.Queremos demostrar que una gestión inteligente de los recursos naturales y culturales existentes en el territorio, con una adecuada participación de las comunidades indígenas, puede generar ingresos en un contexto de sostenibilidad. Con la elaboración y puesta en marcha de proyectos y propuestas concretas para poner en marcha procesos de desarrollo alternativos a la deforestación, queremos escapar de la dicotomía conservación-crecimiento: detener la deforestación fomentando la economía en lugar de sacrificarla.El programa propone una tercera vía. El bosque posee suficientes recursos naturales para producir rendimientos económicos sin agotar el capital insustituible: los árboles.</p>
<p><span style=""><img decoding="async" alt="" data-id="27785" width="393" data-init-width="713" height="393" data-init-height="713" title="logo-gran-chaco-trasparente-sqare" loading="lazy" src="https://museoverde.org/wp-content/uploads/2022/03/logo-gran-chaco-trasparente-sqare.png" data-width="393" data-height="393" style="" mt-d="-41" center-v-d="false" ml-d="0"></span></p>
<h1 style="">ARTESANIA</h1>
<p>Arcos, flechas, arte plumario, frescos, pinturas, tejido de fibras vegetales.</p>
<h1 style="">MADERA VALIOSA Y DESIGN</h1>
<p>Los bosques se reducen, su valor aumenta y tiene sentido invertir en su gestión. La lógica económica y las exigencias medioambientales pueden conciliarse.</p>
<h1 style="">LUGARES DE LA MEMORIA INDÍGENA:</h1>
<h1 style="">MUSEOS VERDES</h1>
<p>Hasta ahora se han creado 6 pequeños museos en 6 comunidades indígenas para preservar los testimonios de las antiguas costumbres y tradiciones.</p>
<h1 style="">HERBORISTICA</h1>
<p>115 esencias medicinales crecen en la mata. Los nativos los utilizan para tratar 35 enfermedades</p>
<h1 style="">ECOTURISMO</h1>
<p>Se propone un itinerario por 7 de las 40 etnias del Gran Chaco para descubrir sus ambientes, filosofías y maneras de vivir.</p>
<h1 style="">DONDE TRABAJAMOS</h1>
<p style="">El Museo Verde tiene contactos con 7 comunidades indígenas en 4 países:</p>
<p style="">Paraguay, Argentina, Bolivia y Brasil</p>
<p><span><img decoding="async" alt="" data-id="28042" width="533" data-init-width="1813" height="752" data-init-height="2560" title="mappa_musei_verdi" loading="lazy" src="https://museoverde.org/wp-content/uploads/2022/04/mappa_musei_verdi-scaled.jpg" data-width="533" data-height="752"></span></p>
<h4 style="">El Museo Verde tiene contactos con 10 comunidades indígenas en 4 países: Paraguay, Argentina, Bolivia y Brasil.&nbsp;</h4>
<ul>
<li style=""><span style=""><a href="https://museoverde.org/gran-chaco/le-popolazioni-originarie/yshyr-chamacoco/" style="outline: none;">Karcha Bahlut, etnia Ishir-Chamacoco (Paraguay)</a></span></li>
<li style=""><span style=""><a href="https://museoverde.org/gran-chaco/le-popolazioni-originarie/ayoreo/" style="outline: none;">Carmelo Peralta, etnia Ayoreo (Paraguay)</a></span></li>
<li style=""><span style=""><a href="https://museoverde.org/gran-chaco/le-popolazioni-originarie/ache/" style="outline: none;">Puerto Barra, etnia Aché (Paraguay)</a></span></li>
<li style=""><span style=""><a href="https://museoverde.org/gran-chaco/le-popolazioni-originarie/kadiweu/" style="outline: none;">Porto Murtinho/Alves de Barro, etnia Caduveo (Brasile)</a></span></li>
<li style=""><span style=""><a href="https://museoverde.org/gran-chaco/le-popolazioni-originarie/wichi/" style="outline: none;">Nueva Pompeya, etnia Wichí (Argentina)</a></span></li>
<li style=""><span style=""><a href="https://museoverde.org/gran-chaco/le-popolazioni-originarie/qom/" style="outline: none;">Fortin Lavalle, etnia Qom (Argentina)</a></span></li>
<li style=""><span style=""><a href="https://museoverde.org/gran-chaco/le-popolazioni-originarie/ava-guarani/" style="outline: none;">Charagua, etnia Ava Guaraní (Bolivia).</a></span></li>
</ul>

<p>QUÉ HACEMOS Promovemos la combinación de medio ambiente y culturas autóctonas como factor de desarrollo sostenible.Creamos una red de pequeñas infraestructuras museísticas para recoger los objetos de la memoria ancestral. El proyecto Museo Verde El Museo Verde se creó con el objetivo de preservar la memoria y las tradiciones de los pueblos indígenas que viven [&hellip;]</p>
