{"id":28595,"date":"2022-02-11T12:04:53","date_gmt":"2022-02-11T11:04:53","guid":{"rendered":"https:\/\/museoverde.org\/gran-chaco\/"},"modified":"2022-06-02T12:23:05","modified_gmt":"2022-06-02T10:23:05","slug":"el-gran-chaco","status":"publish","type":"page","link":"https:\/\/museoverde.org\/es\/el-gran-chaco\/","title":{"rendered":"El Gran Chaco"},"content":{"rendered":"<h1 style=\"\">EL GRAN CHACO<\/h1>\n<p style=\"\">\u00abGrandes bosques misteriosamente silenciosos con densos \u00e1rboles entrelazados con enormes lianas, &#8230; se reflejan en las aguas estancadas de las marismas pobladas por maravillosas plantas acu\u00e1ticas. Es una naturaleza que causa una fuerte impresi\u00f3n, y nunca m\u00e1s la olvidar\u00e9, aunque viva mil a\u00f1os\u00bb<\/p>\n<p style=\"text-align: center;\">GUIDO BOGGIANI<\/p>\n<p><a href=\"https:\/\/museoverde.org\/es\/el-gran-chaco\/le-popolazioni-originarie\/\"><\/p>\n<h1 style=\"text-align: left;\">LOS PUEBLOS ORIGINARIOS<\/h1>\n<p><\/a><\/p>\n<h3 style=\"text-align: left;\">\u00bfQui\u00e9nes son los pueblos ind\u00edgenas?<\/h3>\n<p>En los \u00faltimos a\u00f1os, varios grupos han preferido autodenominarse \u00abpueblos originarios\u00bb para subrayar que han vivido en este continente desde tiempos inmemoriales y que los europeos no llegaron hasta finales del siglo XV. Lo importante no es tanto la denominaci\u00f3n, que puede considerarse una simple etiqueta, como el fondo y lo que significan estas presencias minoritarias, a menudo privadas de visibilidad, desprotegidas, marginadas y opuestas, en el mundo globalizado.<\/p>\n<p style=\"color: var(--tcb-skin-color-4)  !important; --tcb-applied-color:var$(--tcb-skin-color-4)  !important;\"><a href=\"https:\/\/museoverde.org\/es\/el-gran-chaco\/le-popolazioni-originarie\/\" style=\"outline: none;\">Decubre Mas&nbsp;<\/a><span style=\"--tcb-applied-color:var$(--tcb-skin-color-4)  !important;\"> \u279d<\/span><\/p>\n<p><a href=\"https:\/\/museoverde.org\/es\/el-gran-chaco\/sulle-tracce-dei-pionieri\/\"><\/p>\n<h1 style=\"\">TRAS LA PISTA DE LOS PIONEROS<\/h1>\n<p style=\"color: var(--tcb-skin-color-2)  !important; --tcb-applied-color:var$(--tcb-skin-color-2)  !important;\">En el Chaco sigue viva la memoria de las personas que se aventuraron en estos territorios en los siglos XIX y XX y entraron en contacto con los pueblos ind\u00edgenas que los habitaban.Gracias a ellos, los bienes culturales de esa \u00e9poca se conservan hoy en los museos europeos.<\/p>\n<p><\/a><\/p>\n<p style=\"color: var(--tcb-skin-color-2)  !important; --tcb-applied-color:var$(--tcb-skin-color-2)  !important;\"><a href=\"https:\/\/museoverde.org\/es\/el-gran-chaco\/sulle-tracce-dei-pionieri\/\" style=\"outline: none;\">M\u00e1s informaci\u00f3n<\/a><span style=\"--tcb-applied-color:var$(--tcb-skin-color-2)  !important;\"> \u279d<\/span><\/p>\n","protected":false},"excerpt":{"rendered":"<p>EL GRAN CHACO \u00abGrandes bosques misteriosamente silenciosos con densos \u00e1rboles entrelazados con enormes lianas, &#8230; se reflejan en las aguas estancadas de las marismas pobladas por maravillosas plantas acu\u00e1ticas. Es una naturaleza que causa una fuerte impresi\u00f3n, y nunca m\u00e1s la olvidar\u00e9, aunque viva mil a\u00f1os\u00bb GUIDO BOGGIANI LOS PUEBLOS ORIGINARIOS \u00bfQui\u00e9nes son los pueblos [&hellip;]<\/p>\n","protected":false},"author":3,"featured_media":0,"parent":0,"menu_order":0,"comment_status":"closed","ping_status":"closed","template":"","meta":{"footnotes":""},"class_list":["post-28595","page","type-page","status-publish","hentry","post-wrapper","thrv_wrapper"],"_links":{"self":[{"href":"https:\/\/museoverde.org\/es\/wp-json\/wp\/v2\/pages\/28595","targetHints":{"allow":["GET"]}}],"collection":[{"href":"https:\/\/museoverde.org\/es\/wp-json\/wp\/v2\/pages"}],"about":[{"href":"https:\/\/museoverde.org\/es\/wp-json\/wp\/v2\/types\/page"}],"author":[{"embeddable":true,"href":"https:\/\/museoverde.org\/es\/wp-json\/wp\/v2\/users\/3"}],"replies":[{"embeddable":true,"href":"https:\/\/museoverde.org\/es\/wp-json\/wp\/v2\/comments?post=28595"}],"version-history":[{"count":10,"href":"https:\/\/museoverde.org\/es\/wp-json\/wp\/v2\/pages\/28595\/revisions"}],"predecessor-version":[{"id":29367,"href":"https:\/\/museoverde.org\/es\/wp-json\/wp\/v2\/pages\/28595\/revisions\/29367"}],"wp:attachment":[{"href":"https:\/\/museoverde.org\/es\/wp-json\/wp\/v2\/media?parent=28595"}],"curies":[{"name":"wp","href":"https:\/\/api.w.org\/{rel}","templated":true}]}}

<h1 style="">EL GRAN CHACO</h1>
<p style="">«Grandes bosques misteriosamente silenciosos con densos árboles entrelazados con enormes lianas, &#8230; se reflejan en las aguas estancadas de las marismas pobladas por maravillosas plantas acuáticas. Es una naturaleza que causa una fuerte impresión, y nunca más la olvidaré, aunque viva mil años»</p>
<p style="text-align: center;">GUIDO BOGGIANI</p>
<p><a href="https://museoverde.org/es/el-gran-chaco/le-popolazioni-originarie/"></p>
<h1 style="text-align: left;">LOS PUEBLOS ORIGINARIOS</h1>
<p></a></p>
<h3 style="text-align: left;">¿Quiénes son los pueblos indígenas?</h3>
<p>En los últimos años, varios grupos han preferido autodenominarse «pueblos originarios» para subrayar que han vivido en este continente desde tiempos inmemoriales y que los europeos no llegaron hasta finales del siglo XV. Lo importante no es tanto la denominación, que puede considerarse una simple etiqueta, como el fondo y lo que significan estas presencias minoritarias, a menudo privadas de visibilidad, desprotegidas, marginadas y opuestas, en el mundo globalizado.</p>
<p style="color: var(--tcb-skin-color-4)  !important; --tcb-applied-color:var$(--tcb-skin-color-4)  !important;"><a href="https://museoverde.org/es/el-gran-chaco/le-popolazioni-originarie/" style="outline: none;">Decubre Mas&nbsp;</a><span style="--tcb-applied-color:var$(--tcb-skin-color-4)  !important;"> ➝</span></p>
<p><a href="https://museoverde.org/es/el-gran-chaco/sulle-tracce-dei-pionieri/"></p>
<h1 style="">TRAS LA PISTA DE LOS PIONEROS</h1>
<p style="color: var(--tcb-skin-color-2)  !important; --tcb-applied-color:var$(--tcb-skin-color-2)  !important;">En el Chaco sigue viva la memoria de las personas que se aventuraron en estos territorios en los siglos XIX y XX y entraron en contacto con los pueblos indígenas que los habitaban.Gracias a ellos, los bienes culturales de esa época se conservan hoy en los museos europeos.</p>
<p></a></p>
<p style="color: var(--tcb-skin-color-2)  !important; --tcb-applied-color:var$(--tcb-skin-color-2)  !important;"><a href="https://museoverde.org/es/el-gran-chaco/sulle-tracce-dei-pionieri/" style="outline: none;">Más información</a><span style="--tcb-applied-color:var$(--tcb-skin-color-2)  !important;"> ➝</span></p>

<p>EL GRAN CHACO «Grandes bosques misteriosamente silenciosos con densos árboles entrelazados con enormes lianas, &#8230; se reflejan en las aguas estancadas de las marismas pobladas por maravillosas plantas acuáticas. Es una naturaleza que causa una fuerte impresión, y nunca más la olvidaré, aunque viva mil años» GUIDO BOGGIANI LOS PUEBLOS ORIGINARIOS ¿Quiénes son los pueblos [&hellip;]</p>
